 and h.
10
Suppose -6*c = -c + 25. Let t = c - -8. Suppose t*w = -2*w + 45. What is the highest common factor of w and 27?
9
Let k(z) be the first derivative of -5*z**2/2 + 1. Suppose 0 = 3*a - a + 12. Let o be k(a). What is the greatest common factor of 20 and o?
10
Suppose -3*b + 565 = 5*s, s - 4*b - 105 - 8 = 0. Suppose v + v = 160. Let z = s - v. Calculate the highest common factor of z and 3.
3
Let r(a) = a + 50. Suppose 4*v = 3*v. Let x be r(v). Suppose 0 = 4*k - 2*u - x, -4*u + 0*u = -5*k + 64. What is the greatest common factor of k and 108?
12
Let i be (-20)/6 + (-2)/(-6). Let u(z) = -14*z + 3. Let h be u(i). Calculate the highest common divisor of 9 and h.
9
Let n be 2 - (2 - 4) - -2. Suppose 4*a + 3*u - 28 = 0, 0 = 3*a - n*a - u + 26. Calculate the greatest common factor of a and 20.
10
Suppose 6*z - z = 15. Suppose -z*m + 53 = -0*r - r, 0 = 5*m + 2*r - 81. Calculate the highest common factor of 34 and m.
17
Suppose 0 = -8*c + 102 + 42. Calculate the highest common factor of c and 12.
6
Let l(b) = -3*b**3 + b**2 + b - 2. Let a be l(-2). Suppose -14 = -m + g, -2*g - 40 = -4*m + a. Let h = 41 + -14. What is the highest common factor of h and m?
9
Let x be (-1)/3 + 24/(-9). Let b(w) = w**2 + 13*w - 12. Let s be b(-14). Let r be (-29)/(-2) - x/s. What is the highest common factor of 176 and r?
16
Suppose f - 20 = 2*f. Let r be 11/3 - f/(-30). What is the greatest common divisor of 15 and r?
3
Let c = 367 + -352. Let r(d) = -2*d**2 - 2*d + 2. Let b be r(-2). Let x be (-17)/(-3) + b/3. What is the highest common divisor of c and x?
5
Let q be ((-456)/(-7))/(-6)*14/(-4). What is the highest common divisor of 57 and q?
19
Suppose 0*z - 96 = -4*z. What is the greatest common divisor of 3 and z?
3
Let f = 40 - 26. Let h be 8/(-12) - (-676)/6. Calculate the highest common factor of h and f.
14
Suppose -4*i + 432 = -i. Suppose 5*a - 70 - 10 = 0. Calculate the greatest common divisor of i and a.
16
Let n be 30/(-4)*84/(-15). What is the highest common factor of n and 294?
42
Suppose h + 16 = -h - 2*j, -2*h + j = 22. Let d(c) = -c**3 - 11*c**2 - 12*c - 10. Let a be d(h). Calculate the greatest common factor of 5 and a.
5
Suppose -44 = -5*j + 126. What is the greatest common divisor of j and 170?
34
Suppose 18*o - 4*o = 210. Calculate the greatest common divisor of 15 and o.
15
Let l = 2 + 3. Let b = l - 4. Let p be (-1 - -2)/(2/2). Calculate the greatest common divisor of b and p.
1
Suppose 2*x - 53 = 13. Calculate the highest common factor of 297 and x.
33
Let s be 20 + 0/(-2)*-1. Let z be 2*20/((-1)/(-1)). Calculate the greatest common factor of z and s.
20
Suppose 0 + 4 = 2*a. Suppose 0 = 2*v + a*v - 60. Let k be 0/(-1) + 6*1. Calculate the greatest common factor of v and k.
3
Suppose 0 = -j - 2*j + 3. Let u = -182 - -187. Calculate the highest common divisor of u and j.
1
Suppose 5*z + 50 = c, 5*c - 102 = -5*z + 118. Calculate the greatest common divisor of 18 and c.
9
Let a = 7 - 1. Suppose -5*v + 0*v = -45. What is the greatest common divisor of v and a?
3
Let i(w) = w**2 + 3*w - 12. Let t be i(-7). Calculate the highest common factor of 128 and t.
16
Let t = 10 + -10. Suppose 4*s - 7*s + 6 = t. Let f be ((-1)/(-2))/(1/2). What is the highest common factor of s and f?
1
Let t be (8/(-10))/(20/350). Let l = -9 - t. Suppose 0*o - 181 = -4*d - o, -4*o = l*d - 218. What is the greatest common factor of d and 115?
23
Let g(x) = -5*x + 5. Let p(d) = -29*d + 29. Let s(h) = 34*g(h) - 6*p(h). Let n be s(4). Let v be (-36)/(-12)*6*1. What is the highest common divisor of n and v?
6
Let z(y) = -2*y**3 + 3*y**2 - 3*y + 1. Let d = 6 + -4. Let q be z(d). Let s be (-6)/(-9) + (-156)/q. Calculate the highest common divisor of s and 3.
3
Let d be (-2988)/21 - 2/(-7). Let z be (0 + -1)*(d + -1). Suppose 0 = -2*r - 0*r + 26. What is the greatest common divisor of z and r?
13
Let m(t) = -10*t + 2 + 0*t - 2. Let v be m(-11). What is the greatest common factor of 22 and v?
22
Suppose -5*v + 122 + 303 = 0. Suppose -4*x = x - v. Calculate the greatest common factor of 187 and x.
17
Let l be (0 - 18)/((-9)/6). Let u = -18 + l. Let d be u*(2*-2 + 2). What is the highest common divisor of d and 12?
12
Let h = 9 - 3. Let f = 68 - 20. What is the highest common factor of f and h?
6
Let x = -55 + 151. What is the highest common factor of 24 and x?
24
Suppose 0*f = -3*f + 48. Let w(t) = 7*t**2 + t + 6. Let u be w(-5). What is the greatest common divisor of u and f?
16
Suppose 180 + 975 = 3*f. Suppose -f = -4*m - m. What is the greatest common divisor of m and 7?
7
Suppose 0 = 5*r + 7 + 3. Let f = r + 7. Let l = -138 + 193. What is the highest common factor of l and f?
5
Suppose 0 = -0*s - 5*s - 25. Let m be (4/5)/(s/(-25)). Let d = -29 - -41. What is the greatest common divisor of m and d?
4
Suppose -8*j - 42 = -586. What is the highest common factor of 102 and j?
34
Suppose 5*n = 47 + 38. Calculate the greatest common divisor of 34 and n.
17
Let y be (-19)/(-3) + 6/9. Suppose 2*d + d + y = x, -2*d - 10 = 2*x. Let f be 0 - 0 - d - -1. What is the greatest common divisor of f and 40?
4
Suppose a = -0*a + 279. Calculate the greatest common divisor of a and 31.
31
Let v = -63 - 1. Suppose 3*n = 5*p - 489, 3*p - 291 = n - 0*n. Let g = p + v. Calculate the greatest common factor of g and 8.
8
Suppose -2*b + 2 = -4*b. Let f(k) = -152*k + 1. Let r be f(b). What is the greatest common divisor of 17 and r?
17
Suppose -4*h = 2*a - 16, 2*a - 1 = h + 5*a. Calculate the highest common factor of 5 and h.
5
Suppose -5*j - 87 = -4*r + 118, 0 = 5*r + j - 220. What is the highest common divisor of r and 135?
45
Suppose -79 - 113 = -3*z. Let n = -5 - 1. Let r be 32/10*(-15)/n. What is the highest common factor of r and z?
8
Suppose -3*g - g = 4*v + 96, 0 = -4*v. Let h be (-6)/4*g/9. What is the highest common divisor of h and 6?
2
Let k be 2/((-10)/15 + 0) + 28. Calculate the highest common factor of k and 10.
5
Suppose -4*c = -5*k + 22, 3*c - 3 = -k - 10. What is the greatest common factor of k and 18?
2
Suppose 10*g + 205 = 15*g. Calculate the greatest common divisor of g and 369.
41
Let v(f) = 6*f - 1. Let o be 2/(-3) - 5/(-3). Let m be v(o). Calculate the greatest common divisor of m and 5.
5
Let p be -1*1/2*0. Suppose n + 0*n = p. Suppose 2*x + 2*x - 132 = n. Calculate the highest common divisor of x and 22.
11
Let m be 2 - 4 - (-4 - -3)*8. What is the greatest common factor of 15 and m?
3
Let r(i) = -32*i + 2. Let s be r(-2). Calculate the highest common factor of s and 22.
22
Suppose 2*y - 208 = -76. Let i be -3*7/((-7)/y). Let t = -31 + 49. What is the highest common factor of t and i?
18
Let m(r) = 12*r + 1. Let y be m(1). Let p = -76 - -193. What is the highest common factor of y and p?
13
Let y(n) = -n**2 - 6*n + 2. Let u be y(-6). What is the highest common factor of 12 and u?
2
Suppose 12 = a + 3*a, x = 2*a + 30. What is the greatest common factor of 18 and x?
18
Suppose 4*d = 17 + 19. Calculate the highest common divisor of 45 and d.
9
Let h(n) = 5*n - 4. Let m be h(4). Calculate the highest common factor of 40 and m.
8
Let y = 53 + -47. What is the highest common factor of 6 and y?
6
Suppose -3*j + 4*j = 3*c - 238, 0 = -3*c - 3*j + 246. Suppose -l = -2*l + c. Calculate the greatest common divisor of 10 and l.
10
Suppose -66 = -5*l + 9. Calculate the greatest common factor of l and 15.
15
Suppose -9 = -2*z - s, 0 = -z + 5*s - s - 9. Let p = -3 - -4. Let v be p/(-2*z/(-30)). What is the highest common divisor of 5 and v?
5
Let o = 0 - -10. What is the highest common divisor of 110 and o?
10
Suppose 35*d = 33*d + 20. Calculate the highest common divisor of 2 and d.
2
Suppose -3*j + v = -17, -3*j - j + 36 = 2*v. What is the greatest common factor of 14 and j?
7
Let m = -45 - -69. Suppose -2*g = 5*i - m, 3*g = -2*g - 4*i + 60. Calculate the greatest common factor of 3 and g.
3
Let x be (-4)/((-16)/84) + -5. Suppose -3*s + 3 = -3. What is the highest common divisor of x and s?
2
Suppose -b + 16 = -5*m + m, 0 = -4*b + 4*m + 100. Calculate the greatest common divisor of 14 and b.
14
Let k = 3 + 14. Suppose 4*c = 12, -4*n + 2 = c - k. Suppose 0 = -t - 4*t + n*r + 130, 170 = 5*t + 4*r. Calculate the highest common factor of 10 and t.
10
Suppose 2*u + 2*j = 3*u - 2, 5*j = 2*u - 5.